
True
Is 10616299 a prime number?
False
Is 6595661 prime?
True
Is 129436199 composite?
False
Is 87853173 a composite number?
True
Is 75121259 a composite number?
False
Is 865471 a composite number?
True
Is 144232291 a prime number?
False
Is 3932111 composite?
True
Is 3461043 composite?
True
Is 34931509 composite?
True
Is 34256903 a composite number?
True
Is 3598141 composite?
False
Is 21150707 prime?
False
Is 18551047 prime?
False
Is 345810677 composite?
True
Is 12211099 composite?
True
Is 1593659 prime?
True
Is 2196781 a composite number?
False
Is 25113021 a composite number?
True
Is 695524243 composite?
False
Is 15284329 prime?
True
Is 663038309 composite?
False
Is 107849747 a composite number?
True
Is 99854399 prime?
True
Is 2755943 prime?
True
Is 20878667 a composite number?
False
Is 269767709 a composite number?
False
Is 93567937 composite?
False
Is 337999 a composite number?
False
Is 146473289 prime?
True
Is 15782929 composite?
True
Is 136758841 a composite number?
False
Is 191940085 composite?
True
Is 232655737 a composite number?
False
Is 205635619 prime?
False
Is 38759989 a composite number?
False
Is 10881417 prime?
False
Is 10533769 a composite number?
True
Is 1511897 composite?
False
Is 148312601 a prime number?
True
Is 883047311 composite?
False
Is 945412855 a prime number?
False
Is 20253001 a composite number?
True
Is 4102393 a composite number?
False
Is 93384073 a composite number?
False
Is 3606689 a composite number?
False
Is 9128909 a composite number?
False
Is 6046451 a composite number?
False
Is 36220831 prime?
True
Is 747293 a prime number?
False
Is 1531843 a composite number?
False
Is 528217 composite?
False
Is 1386973 a composite number?
True
Is 7157741 a prime number?
True
Is 5300279 a prime number?
True
Is 777641666 a prime number?
False
Is 21003659 prime?
True
Is 8740469 a composite number?
True
Is 193047034 composite?
True
Is 6068263 composite?
True
Is 26594299 composite?
False
Is 88422011 composite?
False
Is 218357 a composite number?
False
Is 2023699 prime?
False
Is 15264397 a composite number?
False
Is 3580943 composite?
False
Is 2689579 a prime number?
False
Is 71879 composite?
False
Is 3943481 prime?
True
Is 3063061 a composite number?
True
Is 8436959 a prime number?
True
Is 355633 a composite number?
False
Is 151837709 a composite number?
True
Is 22653823 a composite number?
False
Is 12847759 a composite number?
True
Is 10066291 composite?
True
Is 7192117 composite?
False
Is 59359133 composite?
True
Is 264280087 a prime number?
True
Is 3784723 a prime number?
True
Is 331579 composite?
False
Is 4210187 composite?
False
Is 27328957 prime?
True
Is 25402963 a prime number?
True
Is 8611117 prime?
True
Is 348851579 a composite number?
False
Is 6819367 composite?
True
Is 46418903 a composite number?
False
Is 2907683 a composite number?
True
Is 9799453 a composite number?
True
Is 13067753 a composite number?
False
Is 54331421 a composite number?
False
Is 13691437 a composite number?
True
Is 89617499 composite?
True
Is 177081599 a prime number?
True
Is 5506421 prime?
True
Is 1446611 prime?
True
Is 19577101 a composite number?
False
Is 1036435 a composite number?
True
Is 1594387 prime?
True
Is 76042613 a composite number?
True
Is 72681181 prime?
True
Is 23753207 a prime number?
True
Is 11734251 a composite number?
True
Is 418902293 composite?
False
Is 63967207 composite?
True
Is 8859127 a prime number?
True
Is 274322701 prime?
True
Is 628949 composite?
True
Is 35443154 a composite number?
True
Is 409979 composite?
True
Is 6099859 prime?
True
Is 7781809 prime?
False
Is 95028233 a composite number?
True
Is 13518257 prime?
False
Is 6487031 a prime number?
False
Is 2171681249 prime?
True
Is 67942351 prime?
False
Is 26768629 a prime number?
True
Is 4281367 a prime number?
False
Is 1916821 prime?
False
Is 17725577 composite?
True
Is 3034573 prime?
True
Is 766083707 composite?
True
Is 41098087 a composite number?
True
Is 1647103 a prime number?
False
Is 13499773 a prime number?
False
Is 18655061 a prime number?
True
Is 136447 prime?
True
Is 32865493 a composite number?
False
Is 24183527 a prime number?
True
Is 3787843 composite?
False
Is 4601677 prime?
True
Is 1453043 composite?
False
Is 154833038 a prime number?
False
Is 2030009 prime?
True
Is 5737733 a prime number?
False
Is 476893 a composite number?
True
Is 426729307 prime?
False
Is 655471 a prime number?
True
Is 65486935 a prime number?
False
Is 41984021 a composite number?
False
Is 36380243 a prime number?
False
Is 415008931 composite?
False
Is 2990459 a prime number?
True
Is 213900601 composite?
False
Is 66473011 prime?
False
Is 424324477 a prime number?
False
Is 39985289 a composite number?
False
Is 6449143 prime?
False
Is 1667389 prime?
True
Is 743455 a composite number?
True
Is 29852563 prime?
False
Is 1353055769 a prime number?
False
Is 3742967 prime?
False
Is 1516313 a prime number?
False
Is 3297883 prime?
True
Is 113850463 a composite number?
True
Is 36633173 a composite number?
False
Is 1354679 a prime number?
False
Is 19995797 a composite number?
False
Is 246731 composite?
False
Is 52892481 prime?
False
Is 7031597 prime?
True
Is 2096209 a composite number?
False
Is 83385147 a prime number?
False
Is 41983009 composite?
False
Is 5187353 a composite number?
False
Is 1563937 a composite number?
False
Is 30762161 prime?
True
Is 309128539 a composite number?
False
Is 1833419 composite?
True
Is 1442633 a composite number?
False
Is 270651707 a prime number?
False
Is 173785501 composite?
False
Is 7138613 a composite number?
False
Is 158602453 prime?
True
Is 56670967 prime?
True
Is 709613 composite?
True
Is 102076319 a composite number?
False
Is 14670811 a prime number?
True
Is 438199 a composite number?
True
Is 27699117 a prime number?
False
Is 6287969 a prime number?
True
Is 955753 a prime number?
False
Is 15509743 a composite number?
True
Is 14442317 composite?
True
Is 3802093 a prime number?
True
Is 64891077 a prime number?
False
Is 743987 a prime number?
True
Is 15731993 a composite number?
True
Is 8286587 composite?
True
Is 36560185 a composite number?
True
Is 24663029 a composite number?
False
Is 407275193 prime?
False
Is 39739633 a composite number?
True
Is 46042819 a composite number?
True
Is 10661917 prime?
False
Is 36127561 a prime number?
False
Is 14757263 prime?
False
Is 3954077 a prime number?
True
Is 36232741 a prime number?
False
Is 34800991 a prime number?
True
Is 1749431 composite?
False
Is 179483 a composite number?
False
Is 2535814 composite?
True
Is 4130534 composite?
True
Is 1186767677 composite?
False
Is 19577447 composite?
False
Is 647579 a prime number?
True
Is 28216777 prime?
True
Is 876173 prime?
False
Is 139639403 a composite number?
False
Is 35798705 prime?
False
Is 8783791 composite?
False
Is 14738387 a composite number?
False
Is 2236327 prime?
True
Is 17157853 a prime number?
True
Is 210283 composite?
False
Is 25957007 a prime number?
False
Is 16721099 a composite number?
True
Is 18989819 composite?
True
Is 116407919 a prime number?
True
Is 2520761 a composite number?
True
Is 139021 prime?
True
Is 2515985 composite?
True
Is 37089709 a prime number?
True
Is 360623 a composite number?
True
Is 136160659 a composite number?
False
Is 36245983 a prime number?
False
Is 306754379 composite?
True
Is 118490849 a prime number?
True
Is 1824365 composite?
True
Is 43652657 prime?
False
Is 29365663 a composite number?
False
Is 1552811 a composite number?
True
Is 10783699 a composite number?
True
Is 24515041 a prime number?
False
Is 51767279 a prime number?
False
Is 5878051 composite?
False
Is 146548187 a composite number?
False
Is 2529133 composite?
False
Is 4157039 a composite number?
True
Is 31963171 a composite number?
False
Is 139736341 prime?
False
Is 54649937 prime?
False
Is 24844991 a prime number?
False
Is 1558423 a composite number?
False
Is 4686413 a prime number?
False
Is 335261 a composite number?
False
Is 10586383 a prime number?
False
Is 62678141 prime?
False
Is 41209429 a composite number?
False
Is 3476271 a prime number?
False
Is 17326357 prime?
True
Is 92207035 composite?
True
Is 4223563 prime?
True
Is 1913266813 prime?
True
Is 746639 prime?
False
Is 865409 prime?
True
Is 19875649 a composite number?
False
Is 501253 a composite number?
T